 + o = 0. Let p(c) = 4*c + 1. Determine p(i).
-7
Let k = -17265 - -17264. Let o(u) = 18*u**3 - u**2 - 2*u - 1. Calculate o(k).
-18
Let j(u) = 37*u**2 - 107*u + 83. Let k(s) = 12*s**2 - 35*s + 26. Let q(o) = 6*j(o) - 19*k(o). Determine q(4).
0
Let h(q) be the third derivative of -17*q**4/8 + 2*q**3 - 88*q**2. Let x(u) = 5*u - 1. Let y(m) = 2*h(m) + 21*x(m). What is y(-5)?
-12
Let c(w) = w**2 - 6*w + 4. Let o(d) = 2*d**2 - 13*d + 8. Let s(p) = p**2 - 3*p - 19. Let r be s(-4). Let x(b) = r*c(b) - 4*o(b). Determine x(-3).
19
Let w(i) = i**2 + 7*i + 3. Suppose -5*g + 4*x - 2342 = 0, 5*g - x + 2480 = 147. Let c = g + 462. Determine w(c).
-9
Let s(j) = 2*j + 5150 - 5119 - 3*j. Calculate s(15).
16
Let f be -2*1/2 + 7. Let w(l) = -l**3 + 6*l**2 + l - 4. Let i be w(f). Let u(z) = 300 + 3*z + 299 + 298 - 6*z - 1176 + 280. Calculate u(i).
-5
Let r = 2131 - 2134. Let j(y) = -3*y + 6*y - 5*y - 5*y. Let h(n) = -8*n. Let l(t) = -5*h(t) + 6*j(t). Determine l(r).
6
Let n be -4 - -3 - 210/(-2). Let d = n + -108. Let z = d - 7. Let i(j) = j**2 + 13*j + 15. Determine i(z).
-7
Suppose -3*h + 2 = 3*q - 22, -h + q = 0. Let v be (-2 - 2) + h*1. Suppose 2*p + 10 = -v*p. Let f(s) = 2*s + 1. Give f(p).
-9
Suppose 3*l - 525 = -2*l. Suppose 0 = 16*o - 18*o + 8, 4*m = -o - 432. Let f = m + l. Let u(p) = p**3 + 4*p**2 - p - 4. Give u(f).
0
Let n = 17 + -19. Let v be -3 - -2 - 6/n. Let z be v + 2*4/8. Let l(f) = 3*f - 3. Give l(z).
6
Let o(r) be the first derivative of 1/4*r**4 + r + 4*r**2 + 8/3*r**3 - 73. What is o(-7)?
-6
Let r(g) = g**3 + 5*g**2 - 5*g + 5. Suppose 4*q - 2*q + 3*i = 19, -2*q + i + 7 = 0. Suppose 4*x = s - x + q, 3*s + 6*x = -15. Give r(s).
30
Let t(p) be the first derivative of p**4/2 - 13*p**3/3 - 6*p**2 - 5*p + 3972. What is t(7)?
-40
Let d(v) be the third derivative of -v**4/8 + 11*v**3 + 1240*v**2 - 2*v. What is d(29)?
-21
Let f(v) = 3718*v**2 + 6*v - 7434*v**2 + 3714*v**2 + 6. What is f(-4)?
-50
Let a(n) be the second derivative of 0*n**2 - 23/6*n**4 + 0 + 29*n + 0*n**3 - 1/12*n**5 - 1/240*n**6. Let b(v) be the third derivative of a(v). Give b(-5).
5
Let w(o) be the second derivative of -13*o**3/6 + 59*o**2/2 - 518*o - 1. Calculate w(5).
-6
Let i(b) = -b + 366. Let r(w) = 67. Let q(g) = 2*i(g) - 11*r(g). What is q(-6)?
7
Let y(r) = 2*r**2 - 40*r + 9. Suppose -11*k + 184 = -36. Give y(k).
9
Suppose 4*s - 1466 = -4*s - 1498. Let f(c) = -5*c - 15. Let n(j) = 3*j + 10. Let l(o) = 5*f(o) + 7*n(o). Determine l(s).
11
Let h(w) = 3*w - 2 + 4*w + 1. Suppose y - 20 = -2*z, 0 = -186*y + 184*y + 32. Give h(z).
13
Let t be (((-120)/42)/5)/(6/(-21)). Suppose -q - 5*v + 12 = 0, 9 = t*q + 8*v - 3*v. Let r(d) = -d**3 - 2*d**2 - 3*d - 4. Calculate r(q).
14
Let l(z) be the third derivative of -3*z**5/20 + 5*z**4/24 - z**3/2 - 3804*z**2. Determine l(2).
-29
Let d(f) be the first derivative of -f**3/3 + 4*f**2 + 5*f - 1. Let u = -82 + 87. Suppose -3*g + u = -16. What is d(g)?
12
Let k(t) = -11*t + 1. Let x = -174 + 259. Let o = 86 - x. Give k(o).
-10
Let b(w) be the third derivative of -1/24*w**4 + 0*w + 202*w**2 + w**3 + 0. Give b(9).
-3
Let a(k) = -478*k**3 - 4*k**2 + 10 + 479*k**3 + 2 + 0. Determine a(3).
3
Let a(v) = -v - 13. Suppose 2*f = -5*k - 31, 0 = 3*f - 8*f + 4*k + 5. Let b be (44/33)/4 + 13/f. Calculate a(b).
-9
Suppose 22 = -5*i - 8. Let j = 145 + -142. Let f(r) = -6*r**3 + 6 + 3*r**3 - r**j + r + 5*r**3 + 6*r**2. Determine f(i).
0
Let n(b) = 4*b**3 + b**2 + b + 3. Let j(i) = -8*i**3 - i - 1. Let a(h) = -2*j(h) - n(h). Suppose 0 = 4*p - 4. What is a(p)?
11
Let j(o) = -o**2 - 26*o - 166. Let d be 3/(-4)*(-320 - -332). Determine j(d).
-13
Let k(q) = 4*q + 13. Suppose 20*n - 10*n = 8*n + 8. Give k(n).
29
Let l(n) = -3*n**3 + 36*n**2 + 26*n + 56. Let h(u) = -u**3 + 12*u**2 + 9*u + 19. Let m(g) = 7*h(g) - 2*l(g). Determine m(13).
-5
Suppose 322 = -8*r - 41*r - 21. Let f(a) = -14*a - 45. What is f(r)?
53
Let x = 416 + -442. Let m(i) = i**3 + 26*i**2 - 2*i - 57. What is m(x)?
-5
Suppose 15*i - 564 + 99 = 46*i. Let m(k) = k**2 + 16*k - 23. Calculate m(i).
-38
Let j(w) be the second derivative of -w**6/360 - w**5/5 + w**4/6 - 7*w**3/2 + 2*w + 9. Let l(v) be the third derivative of j(v). What is l(-10)?
-4
Let j = -32 + 89. Suppose 5*g = -37 + j. Let n(r) = g + 3*r + r**3 + 10*r**2 - 11*r - 15*r**2. Determine n(6).
-8
Let f be -1 + (18/(-12))/((-3)/10). Suppose -5*s + 4*x + 10 = 0, f*x - 9 = -5*s + 1. Suppose s*r + 1 - 5 = 0, 2*v + 8 = -2*r. Let z(p) = -p - 2. Calculate z(v).
4
Let c(t) = -23*t + 18. Let b be c(-3). Let d be b/18 - (1 + (-7)/6). Let h(u) = d*u**2 - 12*u**3 - 8*u + 11*u**3 - 2 + 7*u. Calculate h(4).
10
Let k(s) = s**2 + 78*s + 373. Let c be k(-5). Let a(b) = b - 28. What is a(c)?
-20
Suppose 4*m - 3*m + 40 = -5*t, 13 = -4*t + 3*m. Let w(b) = 6*b**2 + 31*b + 1209. Let x(u) = -4*u**2 - 21*u - 777. Let f(n) = -9*w(n) - 14*x(n). What is f(t)?
-10
Let q(d) be the third derivative of -5*d**4/24 - 210*d**2. Suppose 0 = -w + 3*w + 5*h - 14, h = 2*w - 2. Give q(w).
-10
Let t(p) = -11*p - 2 - p**2 - 5 + 3*p**2 + 2. Let b(d) = 4*d**3 + 4*d**2 + 36*d - 36. Let g be b(1). Give t(g).
35
Let b(t) = -8*t + 53. Let f(h) = -10*h + 53. Let l(a) = 4*b(a) - 3*f(a). Give l(15).
23
Let z = -100 - -102. Let m(n) = 1 + 2*n - 4*n - n + n**3 - z*n**2 + n. Determine m(3).
4
Let d(b) = -b**2 + 7*b - 2. Let n(m) = -m**2 + 8*m - 2. Let c(x) = 3*d(x) - 2*n(x). Let p = 430 + -415. Suppose 4 = v + q, v = -p*q + 19*q + 4. What is c(v)?
2
Let r(s) be the third derivative of -19*s**2 + 13/24*s**4 + 0*s + 1/40*s**5 + 0*s**3 + 0 - 1/720*s**6. Let h(y) be the second derivative of r(y). What is h(0)?
3
Let t be 35*(-11)/(-330) - 1036/168. Let x(k) = -5*k - 1. Let b(g) = 14*g + 4. Let q(a) = -3*b(a) - 8*x(a). What is q(t)?
6
Suppose -89*w + 98 = -47*w + 56*w. Let j(d) = 70*d - 8. What is j(w)?
62
Suppose 122*w - 121*w = 5*j + 5, w = 3*j + 3. Let i(c) be the third derivative of 0 - 1/4*c**4 + w*c + 1/60*c**5 + 35*c**2 - 4/3*c**3. Determine i(8).
8
Let b(g) = 5*g**2 + g + 17. Let l(u) = -3. Let j(a) = b(a) + 6*l(a). Give j(-1).
3
Let i(r) = 4902*r**2 + 18*r + 43 - 20 - 4904*r**2. What is i(10)?
3
Let b(k) = 6 - 10*k + 2 + 611*k**2 + 606*k**2 + 1 - 1216*k**2. Calculate b(0).
9
Let d(r) be the first derivative of -15 - r - 1/4*r**4 + 2*r**3 - 1/2*r**2. Let f(s) = -s + 1. Let o be f(-5). Determine d(o).
-7
Let o(v) = 2*v - 7. Let f be o(5). Let y(m) = -1 + 3 - f - m. Suppose -7*t - 1080 + 1087 = 0. Give y(t).
-2
Let o(u) = -1898*u + 273315. Let k be o(144). Let v(g) = 0*g - g - 6 + 0. Calculate v(k).
-9
Let h be ((-377)/58)/(3/6). Let m(c) = 41*c + 532. Determine m(h).
-1
Let k(g) be the third derivative of g**7/630 - g**6/720 - g**5/60 + 43*g**3/2 + 2*g**2 + 46*g. Let j(m) be the third derivative of k(m). Determine j(-1).
-9
Suppose 19*f - 51 = 25. Suppose -3*v - 52 = -5*p, -3 = -p - f*v + 12. Let y(d) = d. Let l(a) = -5*a - 10. Let z(g) = -l(g) - 6*y(g). Determine z(p).
-1
Let a be (14/(-35))/((-5)/75). Suppose -z = -s - a, 4*s - z = 6 - 27. Let n(r) = -8*r - 9. What is n(s)?
31
Let l(a) = -3388*a + a**3 + 6732*a + 6*a**2 - 3351*a - 4. Let o be (-1)/(-2) - 120/16. What is l(o)?
-4
Let c(v) be the second derivative of v**5/20 + 5*v**4/6 + v**3/3 + 8*v**2 + v. Let u be c(-10). Let d be (-1)/(-3) + u/(-6). Let g(w) = 5*w + 1. Calculate g(d).
6
Let k(h) = -h**2 - 38*h - 184. Let x be k(-32). Let s(j) = 4*j + 48. Let g(q) = 3*q + 32. Let a(r) = -7*g(r) + 5*s(r). Determine a(x).
8
Let b(i) = -7*i**3 + 6*i**2 - 35*i + 7. Let w(r) = -2*r**3 - r**2 + 8*r - 2. Let q(k) = -b(k) - 4*w(k). Calculate q(2).
119
Let q(d) be the first derivative of 35*d**2/2 + 14*d + 5316. What is q(4)?
154
Let q(z) = 2 - 436694*z + 436696*z - 14 + 48 + 24. What is q(0)?
60
Let a(g) = -g - 10. Suppose -4*n - s = 4*s + 37, -3*n + 3*s = 21. Let i(u) = u**3 + 6*u**2 - 16*u + 7. Let d be i(n). Suppose 0 = -8*c - 33 - d. Calculate a(c).
-5
Let u(o) = 119*o**2 + 124*o - 3. Let a be u(-1). Let s(h) = h**2 + 6*h - 20. Calculate s(a).
-4
Let m(b) = b**2 - 47*b - 84. Suppose -81*i + 31824 = 120*i + 462*i. Calculate m(i).
-36
Suppose 0 = -3*o - 4*j, -3*o = -o + 3*j + 1. Suppose -41*i + o = -39*i - 2*p, 0 = 2*p + 2. Let s(a) = -2 + 2 + 8*a. Calculate s(i).
8
Let p(h) = -h**3 - 6*h + 31291*h**2 + 3*h**3 + 14 - 31294*h**2. Determine p(4).
